t = -5*j - 1375, -686 - 668 = -4*t - 2*j. Suppose -2*s - 4*q = -t - 1078, 2800 = 4*s - q. What is the tens digit of s?
0
Let v be (-845)/(-11) + (-18)/(-99). Suppose -684 = -79*g + v*g. What is the units digit of g?
2
Let z(d) = -4*d - 13. Let s be z(-4). Suppose 20 = a + s*a. Suppose -4*u + 85 = -3*b, -2*u - 3*u + a*b + 110 = 0. What is the units digit of u?
9
Suppose 7*p + 3*p = 3960. Suppose 64 - p = -t. Suppose -25*d + t = -21*d. What is the tens digit of d?
8
Let n = -47779 - -74900. What is the ten thousands digit of n?
2
Let f be (-110)/(-10) - -289 - 2/(-2). Let k = f + 192. What is the hundreds digit of k?
4
Let a be (4/(-5))/(2*2/(-8590)). Let x = -685 + a. What is the thousands digit of x?
1
Suppose -19 = -3*t - 4*s, 0 = -5*t + 3*s - 8*s + 30. Suppose -3*l + 5*m = -73, -2*l + t*l = -3*m + 57. What is the units digit of (-1 - -2)*l/7?
3
Let n(t) = 11*t**3 + 3*t**2 + t - 4. Let x be (-11 - 2)/(8/(-16)). Suppose -4 + x = 11*o. What is the tens digit of n(o)?
9
Let w be 3007/5 + 1*(-30)/75. Let q = w + 384. What is the hundreds digit of q?
9
Suppose -82*r - 13624 = -83*r + k, 2*r - 27276 = -2*k. What is the ten thousands digit of r?
1
Let w(l) = -6*l**3 - l**2 - 5*l + 4. Let q be w(3). Let j = 298 + q. Suppose -j = 7*b - 718. What is the tens digit of b?
8
Let h be 3*-2*4/24. Let f(g) = -2*g**3 - g**2 - 6*g - 4. Let p be f(h). Suppose p*s - 504 = 81. What is the hundreds digit of s?
1
Let x be 16/28 - 3/(-42)*-64. Let a(w) = -10*w**2 - 4*w - 2. Let p(c) = -20*c**2 - 7*c - 3. Let g(h) = 5*a(h) - 3*p(h). What is the tens digit of g(x)?
5
Let o = -23 + 29. Suppose -o*s - 2*s = -16. Suppose s*h - 6*h = -548. What is the units digit of h?
7
Suppose 28*k = 16*k + 48. Let c(s) = 0*s**2 - 6*s + s**3 - 2*s**2 + 22 + 6*s**2. What is the hundreds digit of c(k)?
1
Let b = 710 + 3658. Suppose 12*h - 8*h = -b. What is the units digit of 4/(-14) + h/(-49)?
2
Let q be (-265148)/(-78) - 1/3. Let o = q + -1960. What is the tens digit of o?
3
Suppose 2*x + 3 = -5*r, 39*x - 4*r = 42*x + 1. Let z be (3 + -4)/(1/(-47)). Suppose b = z + x. What is the tens digit of b?
4
Let x = 147 - 99. Let d = x + -37. Suppose 3*f - h - 12 = d, -4*h + 16 = 0. What is the units digit of f?
9
Let z(r) = -4*r - 25. Let n be z(-7). Suppose 3*c - 1 = 4*p - 3, 18 = -c - n*p. What is the units digit of (362/(-8))/(c/24)?
1
Let f = -132 - -226. Suppose 2*k = 4*d + k - f, -3*k + 86 = 4*d. What is the units digit of d?
3
Let n = -189 + 127. What is the hundreds digit of ((-630)/4)/(31/n)?
3
Suppose 0 = 3*j - j. Suppose -2*l + 4*l = -3*v + 262, v + 4 = j. Let c = 275 - l. What is the tens digit of c?
3
What is the tens digit of 1 + 4513 - (23 + -47 - -16)?
2
Suppose -10*o + 106 - 26 = 0. Let p(v) = -2*v**2 + 2*v - 13. Let t be p(o). Let s = t + 252. What is the tens digit of s?
2
Let f(p) = 9 - 3*p - 3*p**2 + 2*p**2 + 9*p. Let m be 4 + -2 + (0 - (-5)/1). What is the units digit of f(m)?
2
Let v(r) = -812*r - 6717. What is the tens digit of v(-27)?
0
Let r(n) = 8*n**3 - 6*n**2 - 42*n + 38. What is the tens digit of r(9)?
0
Let z = -1313 - -2265. Suppose z = 3*n - 4*b, -2*n + 2*b + 185 + 447 = 0. What is the tens digit of n?
1
What is the thousands digit of (-10)/(-9) - (-7838860)/2070?
3
Suppose 4 - 10 = -3*x. Suppose 0*u + 4*i + 1918 = 5*u, x*u + 5*i = 754. What is the tens digit of u?
8
Let v(x) = 2609*x**2 - 26*x - 11. What is the units digit of v(-2)?
7
Let n(i) be the first derivative of 13*i**5/120 + 5*i**4/6 - 17*i**3/3 + 1. Let p(x) be the third derivative of n(x). What is the tens digit of p(6)?
9
Let j be ((-2)/(-5))/(8/80) + -866. Let r = 1283 + j. What is the tens digit of r?
2
Let w = 235 + 3446. What is the thousands digit of w?
3
Suppose -5*l - 5*q + 165 = 0, 3*q - 5*q + 97 = 3*l. Let b(t) = 80 - 24 - l + 55*t - 24. What is the units digit of b(1)?
6
Suppose 4*q + o = 85901, -q + 21484 = 3*o - o. What is the units digit of q?
4
Let z be 6/(-48) + 626/16. What is the hundreds digit of ((-678)/(-4))/(z/104)?
4
Suppose -3*w = 2*x + 34 - 175, -x - 5*w = -46. What is the tens digit of x?
8
Let c(n) = 880*n - 290. Let j(z) = -586*z + 192. Let p(d) = -5*c(d) - 7*j(d). What is the units digit of p(-4)?
8
Let x(m) = -10*m**3 - 4*m**2 + 3*m - 4. Let l be x(-3). Let q = l - 179. What is the units digit of q?
2
Suppose 4 = -i, p = 3*p + 5*i + 6. Suppose p*z = 12*z - 75. What is the tens digit of (0 - z)/(3/(2 - 11))?
4
Let n(x) = x**3 - 13*x**2 + 13*x - 9. Let q be n(12). Let k(b) = 4*b - 9. Let p be k(q). What is the units digit of (2*(-78)/36)/((-1)/p)?
3
Let l(a) = -548*a - 2701. What is the thousands digit of l(-21)?
8
Let p be 4313/1135 - (1 - 2)/5. Suppose p*d = -13*d + 8959. What is the hundreds digit of d?
5
Let u be ((-4)/(-3) - 2)*(25 + -19). Let b be (-15)/(-10) - 10/u. What is the tens digit of 6/(1/(b + -1))?
1
Suppose 3390640 = -34*g + 144*g. What is the tens digit of g?
2
Let o be 11*10*((-102)/(-12))/17. Suppose -o*l + 9513 = -48*l. What is the hundreds digit of l?
3
Let a be 18/5 - (1 + (-21)/15). Suppose a*z + 9 = 7*z. Suppose 0 = z*x + 12, -5*y - 5*x = -2*y - 94. What is the units digit of y?
8
Let a = 113 + -77. Let j = -44 + a. What is the hundreds digit of ((-4)/(j/6))/((-12)/(-636))?
1
Let g(r) = -36*r + 110. Let s be g(3). What is the units digit of 68*((-8)/80)/(s/(-355))?
7
Suppose -17 = -2*i - 7, 2*m = 5*i + 17623. What is the hundreds digit of m?
8
Let y = -53 - -57. Suppose y*m + 4*w - 436 = 3*m, -3*w + 1757 = 4*m. What is the hundreds digit of m?
4
Let x(w) = w**2 + 24*w - 859. What is the tens digit of x(54)?
5
Let l be (-393)/12 - (-2)/(-8) - (425 - 430). Suppose 5*u + 16 = 6. What is the units digit of (u/1)/(8/l)?
7
Let j(r) = -r**2 - r + 44. Let d be j(6). Suppose -q - d*z + 247 = 0, -3*z = -q - z + 231. What is the hundreds digit of q?
2
Suppose -16*q + 14*q + 4 = 0. Suppose q*l + 2*l = -3*k + 12, -5*l = 5*k - 20. Suppose 57 = 5*o - 4*o - 5*p, -k*o = -3*p - 313. What is the tens digit of o?
8
Suppose 5*b + 3*r = 2223, b + 443 = 2*b - r. Suppose 2*i - 122 = b. What is the units digit of i?
3
Let l = -499 - -520. What is the thousands digit of l/(-28) - ((-40595)/20 + 3)?
2
Let k be (-8)/(-16) - 7/(-2). Suppose k*q + 4*w = 304, q - 80 = 2*w - w. Let f = q + -9. What is the units digit of f?
9
Suppose 4*y + 3 = 19. Let f = 510 - 507. Suppose f*j + y*j - 700 = 0. What is the hundreds digit of j?
1
Let u(i) = i**3 - 40*i**2 + 34*i - 653. What is the tens digit of u(47)?
0
Suppose 13*l + 7 - 33 = 0. Suppose 2*x - 44 = -4*z - 2*x, 0 = 4*x + 12. Suppose 9*c - 4*c - z = -i, -l*i = -2*c + 8. What is the units digit of c?
3
Suppose 185*s = 147*s + 158650. What is the thousands digit of s?
4
Let y(i) = 5*i**3 + 33*i**2 + 3*i + 54. Let n(j) = -9*j**3 - 64*j**2 - 7*j - 107. Let g(k) = -6*n(k) - 11*y(k). What is the tens digit of g(20)?
2
Let y = -506 - -515. What is the units digit of (1093 - 3) + y + -15?
4
Suppose -124*r + 122*r - 98226 = 0. What is the units digit of 3/(-5) - r/255?
2
Suppose 135*t = 2*k + 138*t - 9206, 0 = -k - 2*t + 4601. What is the thousands digit of k?
4
Let w = -44 + 46. Let g(m) = 4*m**2 + 11*m - m**2 + m + 2*m**w + 7. What is the tens digit of g(-5)?
7
Let d be 0/(-4 - (-6 + 5)). Let k(z) = -5*z + 275. What is the tens digit of k(d)?
7
Let z = -26933 - -27096. What is the hundreds digit of z?
1
Let y be (2 + -1)/(1/9). Let p(g) be the first derivative of g**4/4 - 8*g**3/3 - g**2 - 17*g - 351. What is the tens digit of p(y)?
4
Let j(s) = 858*s - 1767. What is the thousands digit of j(17)?
2
Let r(m) = -7*m**2 + 20*m + 6*m**2 + 0*m**2 - 20 + 8*m. What is the hundreds digit of r(12)?
1
Suppose -226*i = -234*i + 2384. Let o = i + -118. What is the hundreds digit of o?
1
Suppose 0 = -3*d - 3*b + 34956, 4*b = -5*d + 28635 + 29624. What is the tens digit of d?
5
Let q(t) = 3*t**2 - 7*t + 4. Let y be q(2). Suppose 4*j + 2*o = o + 500, -4*o - 232 = -y*j. Let h = -50 + j. What is the units digit of h?
4
Let n(f) be the first derivative of 15*f**4/4 + f**3/3 - f**2 + 72. What is the hundreds digit of n(2)?
1
Let i(l) = -l**3 + 142*l**2 + 114*l - 4145. What is the thousands digit of i(142)?
2
Suppose -4*d - 8 = -2*d, -3*f = 5*d - 4. Let i(b) = -2*b**2 + 14*b + 11. Let a be i(f). What is the tens digit of 15 + -5 + a + 195?
0
Let g be -14*(-